 remainder when 2264 is divided by 507.
236
What is the remainder when 53199 is divided by 62?
3
Calculate the remainder when 10228 is divided by 24.
4
Calculate the remainder when 2212 is divided by 9.
7
Calculate the remainder when 107493 is divided by 1279.
57
What is the remainder when 24477 is divided by 120?
117
What is the remainder when 157 is divided by 86?
71
Calculate the remainder when 28812 is divided by 42.
0
Calculate the remainder when 2738 is divided by 304.
2
Calculate the remainder when 57184 is divided by 2199.
10
What is the remainder when 12636 is divided by 100?
36
What is the remainder when 222917 is divided by 22?
13
Calculate the remainder when 9653 is divided by 435.
83
Calculate the remainder when 690 is divided by 201.
87
What is the remainder when 366 is divided by 334?
32
What is the remainder when 42549 is divided by 54?
51
What is the remainder when 115157 is divided by 67?
51
What is the remainder when 11230 is divided by 1039?
840
What is the remainder when 3649 is divided by 3640?
9
Calculate the remainder when 7987 is divided by 348.
331
Calculate the remainder when 20701 is divided by 5145.
121
Calculate the remainder when 2171 is divided by 552.
515
What is the remainder when 46007 is divided by 6554?
129
What is the remainder when 21461 is divided by 275?
11
What is the remainder when 15175 is divided by 2519?
61
Calculate the remainder when 931 is divided by 271.
118
Calculate the remainder when 30548 is divided by 15217.
114
Calculate the remainder when 98055 is divided by 8.
7
What is the remainder when 2182 is divided by 219?
211
Calculate the remainder when 193630 is divided by 607.
604
Calculate the remainder when 13188 is divided by 53.
44
Calculate the remainder when 32546 is divided by 727.
558
What is the remainder when 682 is divided by 676?
6
Calculate the remainder when 7105 is divided by 1449.
1309
What is the remainder when 1411467 is divided by 470486?
9
What is the remainder when 70174 is divided by 117?
91
Calculate the remainder when 143681 is divided by 295.
16
What is the remainder when 19630 is divided by 1960?
30
What is the remainder when 1019 is divided by 172?
159
What is the remainder when 30361 is divided by 10117?
10
What is the remainder when 6190 is divided by 6?
4
What is the remainder when 4636 is divided by 514?
10
What is the remainder when 3546 is divided by 39?
36
Calculate the remainder when 24925 is divided by 24.
13
Calculate the remainder when 1253102 is divided by 136.
134
What is the remainder when 178334 is divided by 45?
44
Calculate the remainder when 185055 is divided by 69.
66
What is the remainder when 780 is divided by 67?
43
What is the remainder when 7561 is divided by 1256?
25
What is the remainder when 2929 is divided by 357?
73
What is the remainder when 18837 is divided by 18829?
8
What is the remainder when 4417 is divided by 96?
1
Calculate the remainder when 380892 is divided by 103.
101
What is the remainder when 16352 is divided by 411?
323
What is the remainder when 16334 is divided by 4081?
10
Calculate the remainder when 42877 is divided by 80.
77
What is the remainder when 5113 is divided by 631?
65
What is the remainder when 15624 is divided by 5207?
3
Calculate the remainder when 2130 is divided by 339.
96
Calculate the remainder when 70277 is divided by 53.
52
What is the remainder when 2662 is divided by 127?
122
What is the remainder when 58736 is divided by 19572?
20
Calculate the remainder when 3362 is divided by 48.
2
What is the remainder when 2127 is divided by 140?
27
Calculate the remainder when 3016292 is divided by 733.
730
What is the remainder when 12514 is divided by 516?
130
Calculate the remainder when 506653 is divided by 695.
693
What is the remainder when 1870 is divided by 283?
172
Calculate the remainder when 1388 is divided by 17.
11
What is the remainder when 514180 is divided by 102836?
0
Calculate the remainder when 17750 is divided by 20.
10
What is the remainder when 2160 is divided by 307?
11
What is the remainder when 14393 is divided by 552?
41
What is the remainder when 14631 is divided by 443?
12
What is the remainder when 1337 is divided by 49?
14
What is the remainder when 4659 is divided by 16?
3
What is the remainder when 1083 is divided by 599?
484
What is the remainder when 5542 is divided by 5538?
4
What is the remainder when 182413 is divided by 394?
385
What is the remainder when 35017 is divided by 111?
52
Calculate the remainder when 30738 is divided by 12.
6
What is the remainder when 22552 is divided by 3752?
40
Calculate the remainder when 4945254 is divided by 229.
228
Calculate the remainder when 16989 is divided by 404.
21
Calculate the remainder when 360354 is divided by 180168.
18
What is the remainder when 45648 is divided by 74?
64
Calculate the remainder when 16142 is divided by 6.
2
What is the remainder when 155217 is divided by 195?
192
Calculate the remainder when 3769 is divided by 746.
39
Calculate the remainder when 106471 is divided by 4835.
101
What is the remainder when 48091 is divided by 859?
846
What is the remainder when 31177 is divided by 57?
55
Calculate the remainder when 951485 is divided by 95.
60
Calculate the remainder when 2251 is divided by 309.
88
What is the remainder when 689462 is divided by 8?
6
Calculate the remainder when 808 is divided by 601.
207
What is the remainder when 18083 is divided by 38?
33
What is the remainder when 88070 is divided by 60?
50
Calculate the remainder when 7970 is divided by 228.
218
Calculate the remainder when 5296 is divided by 125.
46
What is the remainder when 8217 is divided by 2512?
681
What is the remainder when 5098 is divided by 41?
14
Calculate the remainder when 3117 is divided by 2980.
137
What is the remainder when 578930 is divided by 213?
209
What is the remainder when 3679 is divided by 26?
13
What is the remainder when 8786 is divided by 164?
94
What is the remainder when 1583 is divided by 1210?
373
Calculate the remainder when 27414 is divided by 9135.
9
Calculate the remainder when 49133 is divided by 170.
3
Calculate the remainder when 16157 is divided by 491.
445
What is the remainder when 66534 is divided by 724?
650
What is the remainder when 1638 is divided by 54?
18
Calculate the remainder when 5244 is divided by 125.
119
What is the remainder when 5168 is divided by 268?
76
What is the remainder when 6829 is divided by 1625?
329
What is the remainder when 31446 is divided by 183?
153
Calculate the remainder when 10598 is divided by 30.
8
Calculate the remainder when 197966 is divided by 53.
11
What is the remainder when 784 is divided by 494?
290
Calculate the remainder when 1666 is divided by 372.
178
Calculate the remainder when 22748 is divided by 446.
2
Calculate the remainder when 1202537 is divided by 474.
473
Calculate the remainder when 424549 is divided by 141.
139
What is the remainder when 10837 is divided by 1078?
57
Calculate the remainder when 1931 is divided by 183.
101
Calculate the remainder when 82512 is divided by 2845.
7
Calculate the remainder when 3425 is divided by 636.
245
What is the remainder when 6118 is divided by 18?
16
Calculate the remainder when 102020 is divided by 57.
47
Calculate the remainder when 442716 is divided by 170.
36
Calculate the remainder when 3983 is divided by 266.
259
What is the remainder when 77724 is divided by 70?
24
Calculate the remainder when 13453 is divided by 286.
11
Calculate the remainder when 7900 is divided by 66.
46
What is the remainder when 109550 is divided by 159?
158
Calculate the remainder when 26641 is divided by 13306.
29
Calculate the remainder when 81649 is divided by 307.
294
Calculate the remainder when 3645734 is divided by 145.
144
Calculate the remainder when 1439569 is divided by 230.
229
What is the remainder when 317952 is divided by 109?
108
What is the remainder when 599981 is divided by 73?
67
What is the remainder when 1382 is divided by 1330?
52
Calculate the remainder when 763793 is divided by 865.
863
Calculate the remainder when 133094 is divided by 11.
5
Calculate the remainder when 55105 is divided by 5492.
185
What is the remainder when 2759 is divided by 596?
375
What is the remainder when 2542 is divi